.
2
Let q(c) = -84*c - 107. Calculate the remainder when q(-5) is divided by 63.
61
Suppose 8*k = 2*k + 216. Let t = 77 + k. What is the remainder when t is divided by 29?
26
Suppose -3*z = q - 38, q = -7 + 12. Calculate the remainder when 13 is divided by z.
2
Let m(h) = 4*h**2 - 2*h + 3. Let x be m(2). Suppose y + 0*y = -4*v + x, 0 = -3*y - 4*v + 45. Calculate the remainder when (-128 + 116)*(-9)/4 is divided by y.
12
Suppose 416 = 98*h - 66*h. Calculate the remainder when 51 is divided by h.
12
Suppose 8*c - 54 = 10. Calculate the remainder when 28 is divided by c.
4
Let i(g) = -18*g - 6. Let t be i(-7). Suppose 3*o - k - t = 3*k, 120 = 3*o + 2*k. Suppose -3*r - 7 = -o. Calculate the remainder when 43 is divided by r.
10
Let y(v) = -6*v + 6*v - 3*v**2 + 5 - v**2 - v**3. Let t be y(-4). Suppose -2*g - 3 = -t. Calculate the remainder when g is divided by 1.
0
Suppose -34*s = -6*s - 392. Suppose 5 = -5*m, -2*l + 181 = 3*l + 4*m. Calculate the remainder when l is divided by s.
9
Let s = -639 - -697. Calculate the remainder when s is divided by 33.
25
Let r(w) = -w**2 + 44*w + 46. Calculate the remainder when (-537)/(-6) - 1/2 is divided by r(0).
43
Suppose 5*t - 9 = f, -3*t + 19 = -8*f + 4*f. What is the remainder when (t/(-3))/((16/180)/(-4)) is divided by 6?
3
Suppose -11*v + 6*v + 60 = -5*p, 3*v + 4 = -5*p. Suppose 284 = v*o - 234. What is the remainder when o is divided by 25?
24
Let m be (0 - 4) + 5 + (-2 - -13). Calculate the remainder when (2 - (-291)/m)*(1 - -3) is divided by 12.
9
Let b(l) = l**2 - 3*l + 12. Let m be b(11). Suppose -44 - m = -3*p. Calculate the remainder when p is divided by (-84)/(-5) - 10/(-50).
14
Calculate the remainder when 125 is divided by (-110)/275 + (-67)/10*-2.
8
Let m be 3 + (-2 + 1 - 0). Suppose 2*j = 4, -110 = -i - j - 0*j. Suppose -18 - 30 = -g + 3*l, 3*l = m*g - i. What is the remainder when g is divided by 21?
18
What is the remainder when 13/(-65) - (-762)/10 is divided by 10?
6
Let b = 76 - 127. Let c be 10/(1 + b/57). Suppose -5*q + 5 = -c. What is the remainder when 38 is divided by q?
18
Let w = 6 - -4. Calculate the remainder when w is divided by 1/(-7)*(-41 - -13).
2
Suppose 0 = -5*z + 4*z + 22. Let h = 33 - z. What is the remainder when 21 is divided by h?
10
Suppose 0 = -4*d + 6 + 18. Let x = d + -14. What is the remainder when 178/14 - x/28 is divided by 4?
1
Let b = 803 + -694. Calculate the remainder when b is divided by 38.
33
Let z be -55*1*((-24)/(-6) - 3). Let l = 71 + z. What is the remainder when 43 is divided by l?
11
Suppose 0 = k - 2*s - 23 - 16, -237 = -5*k - 4*s. What is the remainder when 89 is divided by k?
44
Let n(w) = -11*w - 10. Let b be n(-3). Let z = b - 4. Calculate the remainder when 37 is divided by z.
18
Let h be (-3)/((-46)/43 + 1). Let w = 69 + -67. Suppose 1 = -w*j + h. What is the remainder when 61 is divided by j?
19
Let q = -28 + 32. Suppose 0 = q*o + 2 - 26. Suppose 4*g - o*g + 20 = 0. Calculate the remainder when g is divided by 4.
2
Let s(q) = -q**3 + 4*q**2 + 9*q - 6. Let b be s(7). What is the remainder when 145 is divided by ((-2)/((-4)/6))/(b/(-1110))?
34
Let n = 72 + 71. Calculate the remainder when n is divided by 21.
17
Let w(a) = 431*a - 33. What is the remainder when w(1) is divided by 40?
38
Let y(d) = 81*d - 402. Calculate the remainder when (0 - 1) + 0 - -7 is divided by y(5).
0
Suppose -d = 5*y - 2038, 3*y = 4*d + 598 + 634. Suppose 13*r = 17*r - y. Let a = 18 + 8. Calculate the remainder when r is divided by a.
24
Let r = 120 - 119. What is the remainder when (-520)/(-234) + ((-4)/18)/1 is divided by r?
0
Suppose -11*w + 1666 = 6*w. Let u(a) = -2*a - 7. Let x be u(-5). Suppose -52 = -x*m + 23. Calculate the remainder when w is divided by m.
23
Let d = -323 - -353. What is the remainder when 197 is divided by d?
17
Suppose -70 = -5*v - 2*g, 3*g - 5 - 37 = -3*v. What is the remainder when 195 is divided by v?
13
Let m(b) = -2 - 2*b - 5*b - 9. Suppose -86 = -4*h - c, 0 = 2*c + 1 + 3. Calculate the remainder when m(-14) is divided by h.
21
Let b(u) = u**3 - u + 4. Let y be b(2). Let j(x) = 5 + 2*x**3 + 13*x - 11*x**2 - x**3 - 20. What is the remainder when 29 is divided by j(y)?
14
Suppose 4*v = 2*o - o + 88, 4*o - 62 = -2*v. Suppose v*g = 26*g - 15. What is the remainder when 5 is divided by g?
0
Suppose -t + 3*t - c - 10 = 0, -c = -4*t + 16. What is the remainder when 97 is divided by -3*(-4 + (-4 - t))?
31
Suppose -p - 3*n - 27 - 9 = 0, 2*p - 4*n = -102. Let f = p + 51. What is the remainder when 9 is divided by f?
3
Suppose 2*w = 2*n - 22, 2*n - 2*w + w - 26 = 0. What is the remainder when 6/(-12) - (-174)/4 is divided by n?
13
Suppose -23*y = -471 - 1300. Calculate the remainder when 240 is divided by y.
9
Let l be 14*(6/21 + 0). Suppose l*s = -0*s + 68. Let h(y) = -y**3 + 6*y**2 - 4*y. What is the remainder when s is divided by h(5)?
2
Let u(a) = -4*a + 32. Let t(q) = 17*q - 129. Let o(m) = 2*t(m) + 9*u(m). Calculate the remainder when o(-5) is divided by 17.
6
Let l = -149 - -267. Calculate the remainder when l is divided by 24.
22
Let f(a) = -a**3 + 4*a**2 - 4. Let c be f(4). Let x = c + 8. Suppose -3*k + 7*k - 64 = -x*u, 0 = u + 5*k - 12. What is the remainder when 31 is divided by u?
14
Suppose 5*g + 2*t = 893, t + 427 = 4*g - 277. What is the remainder when g is divided by 39?
21
Let g = -252 - -263. What is the remainder when -6 + -2 + 5 - -40 is divided by g?
4
Suppose 72 = -17*w + 23*w. What is the remainder when 77 is divided by w?
5
Let w = 125 + -102. What is the remainder when 127 is divided by w?
12
Let t(v) = -v**3 + 4*v**2 - 6*v + 4. Let x be t(4). What is the remainder when x/5 + 3 + 90 is divided by 45?
44
Suppose 5775 = 2*o + 5*o. Let n(c) = -18*c - 811 + 7*c + o + c**2. Calculate the remainder when n(13) is divided by 21.
19
Let d(t) = -12*t - 133. What is the remainder when 85 is divided by d(-13)?
16
Let j(q) = -q**3 + q**2 + 12. Let s = -13 + 3. Let b = s - -10. Calculate the remainder when 47 is divided by j(b).
11
Let b(p) = -p**3 - 14*p**2 + 15*p + 46. What is the remainder when b(-15) is divided by 7?
4
Let z = 2205 + -2083. Calculate the remainder when 5488 is divided by z.
120
Suppose -5*h + 4*q = -410, 4*h - 5*q = 15 + 304. What is the remainder when 198 is divided by h?
26
Suppose -f = 2*g - 26, -f + 2*g + 54 = 2*f. Suppose 4 = -y + 1. Let s(u) = -4*u - 1. What is the remainder when f is divided by s(y)?
9
Suppose 17*v = 184 + 309. Calculate the remainder when v is divided by 13.
3
Let m = 23 + -12. Let b = m + 1. Suppose -2*c - 2*s = -20 - 0, 0 = -3*s + 9. What is the remainder when b is divided by c?
5
Let g(i) = -2*i - 8*i + 9*i. Suppose 8 = 2*h - 3*d, 2*h - 6*h = -d - 16. What is the remainder when g(-8) is divided by h?
0
Suppose -3*t + 3*d = -126, 5*t - 87 = 3*t + d. Calculate the remainder when t is divided by 4 - (-2 + 2 - 2).
3
Let g = 318 - 218. Calculate the remainder when g is divided by 29.
13
Suppose -22*k = 11*k - 1881. What is the remainder when k is divided by 18?
3
Suppose -4*u = 2*h - 216, -18 = 2*u - 3*h - 142. What is the remainder when 77 is divided by u?
21
Let u be ((-7)/2)/(4/8). Let g be (-108)/14 - (-2)/u. Calculate the remainder when 26 is divided by (14/6)/(g/(-48)).
12
Let j be -10 - ((3 - -1) + -5). What is the remainder when 36 is divided by 270/j*2/(-3)?
16
Suppose 0 = -14*s - 26 + 124. Calculate the remainder when 26 is divided by s.
5
Let k(y) = -y**2 - 18*y - 24. Let m be k(-17). Calculate the remainder when (-3)/((-9)/147)*1 is divided by 890/70 + (-2)/m.
10
Let x = -28 + 51. Let d(b) = b - 4. Let l(i) = 2*i - 9. Let j(q) = 13*d(q) - 6*l(q). What is the remainder when x is divided by j(4)?
5
Let a(n) = -18*n**3 - n**2 + 4*n - 5. Let z be a(4). Let p be z/(-15) - 4/30. Let x = 124 - p. Calculate the remainder when x is divided by 10.
7
Let a be 0 - (0 + -3 + 3). Suppose 2*k + 25 - 71 = a. Suppose 2*g + 3*g - 40 = 0. Calculate the remainder when k is divided by g.
7
Suppose -n + 3*n = 20. Suppose 0 = -4*r + 7*r - 12. Suppose -r*a + 5*o - 99 = -6*a, 5 = o. What is the remainder when a is divided by n?
7
Let z = -13708 - -13731. Calculate the remainder when z is divided by (-1)/(-4) - 35/(-4).
5
Suppose -4*f + 5*p = -137, -3*p + 49 = 2*f - 14. Suppose 28*d + 205 = f*d. What is